{"id":984,"date":"2021-05-23T11:39:12","date_gmt":"2021-05-23T09:39:12","guid":{"rendered":"http:\/\/pascalnoppe.com\/?post_type=product&#038;p=984"},"modified":"2021-05-23T11:39:24","modified_gmt":"2021-05-23T09:39:24","slug":"nos-porcelaine","status":"publish","type":"product","link":"https:\/\/pascalnoppe.com\/index.php\/produit\/nos-porcelaine\/","title":{"rendered":"Nos porcelaine"},"content":{"rendered":"<p>Nos porcelaine avec la photo de nos macarons, service a caf\u00e9, grande assiette plate, pot \u00e0 sucre,assiette creuse, un cadeau \u00e0 faire, on peut garnir les assiettes de macarons aussi, demander conseils et nos tarifs, <\/p>\n","protected":false},"excerpt":{"rendered":"<p>Nos porcelaine avec la photo de nos macarons, service a caf\u00e9, grande assiette plate, pot \u00e0 sucre,assiette creuse, un cadeau \u00e0 faire, on peut garnir les assiettes de macarons aussi, demander conseils et nos tarifs,<\/p>\n","protected":false},"featured_media":1014,"template":"","meta":[],"product_cat":[17,25],"product_tag":[],"_links":{"self":[{"href":"https:\/\/pascalnoppe.com\/index.php\/wp-json\/wp\/v2\/product\/984"}],"collection":[{"href":"https:\/\/pascalnoppe.com\/index.php\/wp-json\/wp\/v2\/product"}],"about":[{"href":"https:\/\/pascalnoppe.com\/index.php\/wp-json\/wp\/v2\/types\/product"}],"version-history":[{"count":0,"href":"https:\/\/pascalnoppe.com\/index.php\/wp-json\/wp\/v2\/product\/984\/revisions"}],"wp:featuredmedia":[{"embeddable":true,"href":"https:\/\/pascalnoppe.com\/index.php\/wp-json\/wp\/v2\/media\/1014"}],"wp:attachment":[{"href":"https:\/\/pascalnoppe.com\/index.php\/wp-json\/wp\/v2\/media?parent=984"}],"wp:term":[{"taxonomy":"product_cat","embeddable":true,"href":"https:\/\/pascalnoppe.com\/index.php\/wp-json\/wp\/v2\/product_cat?post=984"},{"taxonomy":"product_tag","embeddable":true,"href":"https:\/\/pascalnoppe.com\/index.php\/wp-json\/wp\/v2\/product_tag?post=984"}],"curies":[{"name":"wp","href":"https:\/\/api.w.org\/{rel}","templated":true}]}}