{"id":978,"date":"2021-05-23T11:39:11","date_gmt":"2021-05-23T09:39:11","guid":{"rendered":"http:\/\/pascalnoppe.com\/?post_type=product&#038;p=978"},"modified":"2021-05-23T11:39:21","modified_gmt":"2021-05-23T09:39:21","slug":"le-soleillade-2","status":"publish","type":"product","link":"https:\/\/pascalnoppe.com\/index.php\/produit\/le-soleillade-2\/","title":{"rendered":"Le soleillade"},"content":{"rendered":"<p>Ici entremet pour 24 personnes, c\u00e9l\u00e9bration entre amis, Le soleillade, cr\u00e8me caramel au beurre sal\u00e9, pommes poel\u00e9es au beurre, abricots poch\u00e9s \u00e0 la vanille, cr\u00e8me chiboust au rhum, caram\u00e9lis\u00e9 sur le-dessus.r\u00e9alisation de nos entremets en grande taille sur demande, <\/p>\n","protected":false},"excerpt":{"rendered":"<p>Ici entremet pour 24 personnes, c\u00e9l\u00e9bration entre amis, Le soleillade, cr\u00e8me caramel au beurre sal\u00e9, pommes poel\u00e9es au beurre, abricots poch\u00e9s \u00e0 la vanille, cr\u00e8me chiboust au rhum, caram\u00e9lis\u00e9 sur le-dessus.r\u00e9alisation de nos entremets en grande taille sur demande,<\/p>\n","protected":false},"featured_media":1008,"template":"","meta":[],"product_cat":[17,25],"product_tag":[],"_links":{"self":[{"href":"https:\/\/pascalnoppe.com\/index.php\/wp-json\/wp\/v2\/product\/978"}],"collection":[{"href":"https:\/\/pascalnoppe.com\/index.php\/wp-json\/wp\/v2\/product"}],"about":[{"href":"https:\/\/pascalnoppe.com\/index.php\/wp-json\/wp\/v2\/types\/product"}],"version-history":[{"count":0,"href":"https:\/\/pascalnoppe.com\/index.php\/wp-json\/wp\/v2\/product\/978\/revisions"}],"wp:featuredmedia":[{"embeddable":true,"href":"https:\/\/pascalnoppe.com\/index.php\/wp-json\/wp\/v2\/media\/1008"}],"wp:attachment":[{"href":"https:\/\/pascalnoppe.com\/index.php\/wp-json\/wp\/v2\/media?parent=978"}],"wp:term":[{"taxonomy":"product_cat","embeddable":true,"href":"https:\/\/pascalnoppe.com\/index.php\/wp-json\/wp\/v2\/product_cat?post=978"},{"taxonomy":"product_tag","embeddable":true,"href":"https:\/\/pascalnoppe.com\/index.php\/wp-json\/wp\/v2\/product_tag?post=978"}],"curies":[{"name":"wp","href":"https:\/\/api.w.org\/{rel}","templated":true}]}}