{"id":969,"date":"2021-05-23T11:39:10","date_gmt":"2021-05-23T09:39:10","guid":{"rendered":"http:\/\/pascalnoppe.com\/?post_type=product&#038;p=969"},"modified":"2021-05-23T11:39:18","modified_gmt":"2021-05-23T09:39:18","slug":"tour-de-macarons-assortis-pascal-noppe","status":"publish","type":"product","link":"https:\/\/pascalnoppe.com\/index.php\/produit\/tour-de-macarons-assortis-pascal-noppe\/","title":{"rendered":"Tour de Macarons assortis Pascal Noppe"},"content":{"rendered":"<p>Sur 2 \u00e9tages, quelques 160 macarons assortis , les tours sont possible sur 2 \u00e9tages , 3 \u00e9tages et plus, Majestueux , surprenant, elles deviennent incontournable. <\/p>\n","protected":false},"excerpt":{"rendered":"<p>Sur 2 \u00e9tages, quelques 160 macarons assortis , les tours sont possible sur 2 \u00e9tages , 3 \u00e9tages et plus, Majestueux , surprenant, elles deviennent incontournable.<\/p>\n","protected":false},"featured_media":999,"template":"","meta":[],"product_cat":[17,25],"product_tag":[],"_links":{"self":[{"href":"https:\/\/pascalnoppe.com\/index.php\/wp-json\/wp\/v2\/product\/969"}],"collection":[{"href":"https:\/\/pascalnoppe.com\/index.php\/wp-json\/wp\/v2\/product"}],"about":[{"href":"https:\/\/pascalnoppe.com\/index.php\/wp-json\/wp\/v2\/types\/product"}],"version-history":[{"count":0,"href":"https:\/\/pascalnoppe.com\/index.php\/wp-json\/wp\/v2\/product\/969\/revisions"}],"wp:featuredmedia":[{"embeddable":true,"href":"https:\/\/pascalnoppe.com\/index.php\/wp-json\/wp\/v2\/media\/999"}],"wp:attachment":[{"href":"https:\/\/pascalnoppe.com\/index.php\/wp-json\/wp\/v2\/media?parent=969"}],"wp:term":[{"taxonomy":"product_cat","embeddable":true,"href":"https:\/\/pascalnoppe.com\/index.php\/wp-json\/wp\/v2\/product_cat?post=969"},{"taxonomy":"product_tag","embeddable":true,"href":"https:\/\/pascalnoppe.com\/index.php\/wp-json\/wp\/v2\/product_tag?post=969"}],"curies":[{"name":"wp","href":"https:\/\/api.w.org\/{rel}","templated":true}]}}