{"id":917,"date":"2021-05-23T11:38:52","date_gmt":"2021-05-23T09:38:52","guid":{"rendered":"http:\/\/pascalnoppe.com\/?post_type=product&#038;p=917"},"modified":"2021-07-20T21:20:23","modified_gmt":"2021-07-20T19:20:23","slug":"tarte-aux-fruits-exotique","status":"publish","type":"product","link":"https:\/\/pascalnoppe.com\/index.php\/produit\/tarte-aux-fruits-exotique\/","title":{"rendered":"Duba\u00ef , ouverture de Len\u00f4tre"},"content":{"rendered":"<p>Len\u00f4tre Duba\u00ef , ouverture de notre premier magasin ,<\/p>\n","protected":false},"excerpt":{"rendered":"<p>Len\u00f4tre Duba\u00ef , ouverture de notre premier magasin ,<\/p>\n","protected":false},"featured_media":946,"template":"","meta":[],"product_cat":[17,24],"product_tag":[],"_links":{"self":[{"href":"https:\/\/pascalnoppe.com\/index.php\/wp-json\/wp\/v2\/product\/917"}],"collection":[{"href":"https:\/\/pascalnoppe.com\/index.php\/wp-json\/wp\/v2\/product"}],"about":[{"href":"https:\/\/pascalnoppe.com\/index.php\/wp-json\/wp\/v2\/types\/product"}],"version-history":[{"count":2,"href":"https:\/\/pascalnoppe.com\/index.php\/wp-json\/wp\/v2\/product\/917\/revisions"}],"predecessor-version":[{"id":2007,"href":"https:\/\/pascalnoppe.com\/index.php\/wp-json\/wp\/v2\/product\/917\/revisions\/2007"}],"wp:featuredmedia":[{"embeddable":true,"href":"https:\/\/pascalnoppe.com\/index.php\/wp-json\/wp\/v2\/media\/946"}],"wp:attachment":[{"href":"https:\/\/pascalnoppe.com\/index.php\/wp-json\/wp\/v2\/media?parent=917"}],"wp:term":[{"taxonomy":"product_cat","embeddable":true,"href":"https:\/\/pascalnoppe.com\/index.php\/wp-json\/wp\/v2\/product_cat?post=917"},{"taxonomy":"product_tag","embeddable":true,"href":"https:\/\/pascalnoppe.com\/index.php\/wp-json\/wp\/v2\/product_tag?post=917"}],"curies":[{"name":"wp","href":"https:\/\/api.w.org\/{rel}","templated":true}]}}