{"id":849,"date":"2021-05-23T11:38:34","date_gmt":"2021-05-23T09:38:34","guid":{"rendered":"http:\/\/pascalnoppe.com\/?post_type=product&#038;p=849"},"modified":"2021-05-23T11:38:40","modified_gmt":"2021-05-23T09:38:40","slug":"le-grue-au-praline-amande","status":"publish","type":"product","link":"https:\/\/pascalnoppe.com\/index.php\/produit\/le-grue-au-praline-amande\/","title":{"rendered":"Le gru\u00e9 au pralin\u00e9 amande"},"content":{"rendered":"<p>nougatine au riz kellops, sel de gu\u00e9rande, pralin\u00e9 amande chocolat, le tout enrob\u00e9 couverture noir. <\/p>\n","protected":false},"excerpt":{"rendered":"<p>nougatine au riz kellops, sel de gu\u00e9rande, pralin\u00e9 amande chocolat, le tout enrob\u00e9 couverture noir.<\/p>\n","protected":false},"featured_media":879,"template":"","meta":[],"product_cat":[17,23],"product_tag":[],"_links":{"self":[{"href":"https:\/\/pascalnoppe.com\/index.php\/wp-json\/wp\/v2\/product\/849"}],"collection":[{"href":"https:\/\/pascalnoppe.com\/index.php\/wp-json\/wp\/v2\/product"}],"about":[{"href":"https:\/\/pascalnoppe.com\/index.php\/wp-json\/wp\/v2\/types\/product"}],"version-history":[{"count":0,"href":"https:\/\/pascalnoppe.com\/index.php\/wp-json\/wp\/v2\/product\/849\/revisions"}],"wp:featuredmedia":[{"embeddable":true,"href":"https:\/\/pascalnoppe.com\/index.php\/wp-json\/wp\/v2\/media\/879"}],"wp:attachment":[{"href":"https:\/\/pascalnoppe.com\/index.php\/wp-json\/wp\/v2\/media?parent=849"}],"wp:term":[{"taxonomy":"product_cat","embeddable":true,"href":"https:\/\/pascalnoppe.com\/index.php\/wp-json\/wp\/v2\/product_cat?post=849"},{"taxonomy":"product_tag","embeddable":true,"href":"https:\/\/pascalnoppe.com\/index.php\/wp-json\/wp\/v2\/product_tag?post=849"}],"curies":[{"name":"wp","href":"https:\/\/api.w.org\/{rel}","templated":true}]}}