{"id":846,"date":"2021-05-23T11:38:34","date_gmt":"2021-05-23T09:38:34","guid":{"rendered":"http:\/\/pascalnoppe.com\/?post_type=product&#038;p=846"},"modified":"2021-05-23T11:38:39","modified_gmt":"2021-05-23T09:38:39","slug":"bonbons-a-la-sortie-de-lenrobeuse","status":"publish","type":"product","link":"https:\/\/pascalnoppe.com\/index.php\/produit\/bonbons-a-la-sortie-de-lenrobeuse\/","title":{"rendered":"Bonbons \u00e0 la sortie de l&rsquo;enrobeuse"},"content":{"rendered":"<p>vue sur les bonbons chocolat \u00e0 la sortie de l&rsquo;enrobeuse, tout doit \u00eatre temp\u00e9r\u00e9 , la pi\u00e8ce , les bonbons, la couverture chocolat, le travail peut ensuite commencer&#8230;<\/p>\n","protected":false},"excerpt":{"rendered":"<p>vue sur les bonbons chocolat \u00e0 la sortie de l&rsquo;enrobeuse, tout doit \u00eatre temp\u00e9r\u00e9 , la pi\u00e8ce , les bonbons, la couverture chocolat, le travail peut ensuite commencer&#8230;<\/p>\n","protected":false},"featured_media":876,"template":"","meta":[],"product_cat":[17,23],"product_tag":[],"_links":{"self":[{"href":"https:\/\/pascalnoppe.com\/index.php\/wp-json\/wp\/v2\/product\/846"}],"collection":[{"href":"https:\/\/pascalnoppe.com\/index.php\/wp-json\/wp\/v2\/product"}],"about":[{"href":"https:\/\/pascalnoppe.com\/index.php\/wp-json\/wp\/v2\/types\/product"}],"version-history":[{"count":0,"href":"https:\/\/pascalnoppe.com\/index.php\/wp-json\/wp\/v2\/product\/846\/revisions"}],"wp:featuredmedia":[{"embeddable":true,"href":"https:\/\/pascalnoppe.com\/index.php\/wp-json\/wp\/v2\/media\/876"}],"wp:attachment":[{"href":"https:\/\/pascalnoppe.com\/index.php\/wp-json\/wp\/v2\/media?parent=846"}],"wp:term":[{"taxonomy":"product_cat","embeddable":true,"href":"https:\/\/pascalnoppe.com\/index.php\/wp-json\/wp\/v2\/product_cat?post=846"},{"taxonomy":"product_tag","embeddable":true,"href":"https:\/\/pascalnoppe.com\/index.php\/wp-json\/wp\/v2\/product_tag?post=846"}],"curies":[{"name":"wp","href":"https:\/\/api.w.org\/{rel}","templated":true}]}}