{"id":844,"date":"2021-05-23T11:38:34","date_gmt":"2021-05-23T09:38:34","guid":{"rendered":"http:\/\/pascalnoppe.com\/?post_type=product&#038;p=844"},"modified":"2021-05-23T11:38:38","modified_gmt":"2021-05-23T09:38:38","slug":"truffes-au-the","status":"publish","type":"product","link":"https:\/\/pascalnoppe.com\/index.php\/produit\/truffes-au-the\/","title":{"rendered":"Truffes au th\u00e9"},"content":{"rendered":"<p>Truffes au th\u00e9 : ganache ouverture noir exc\u00e9llence au th\u00e9, enrob\u00e9 couverture noir et rouler dans le sucre glace.\u00a0<\/p>\n","protected":false},"excerpt":{"rendered":"<p>Truffes au th\u00e9 : ganache ouverture noir exc\u00e9llence au th\u00e9, enrob\u00e9 couverture noir et rouler dans le sucre glace.\u00a0<\/p>\n","protected":false},"featured_media":874,"template":"","meta":[],"product_cat":[17,23],"product_tag":[],"_links":{"self":[{"href":"https:\/\/pascalnoppe.com\/index.php\/wp-json\/wp\/v2\/product\/844"}],"collection":[{"href":"https:\/\/pascalnoppe.com\/index.php\/wp-json\/wp\/v2\/product"}],"about":[{"href":"https:\/\/pascalnoppe.com\/index.php\/wp-json\/wp\/v2\/types\/product"}],"version-history":[{"count":0,"href":"https:\/\/pascalnoppe.com\/index.php\/wp-json\/wp\/v2\/product\/844\/revisions"}],"wp:featuredmedia":[{"embeddable":true,"href":"https:\/\/pascalnoppe.com\/index.php\/wp-json\/wp\/v2\/media\/874"}],"wp:attachment":[{"href":"https:\/\/pascalnoppe.com\/index.php\/wp-json\/wp\/v2\/media?parent=844"}],"wp:term":[{"taxonomy":"product_cat","embeddable":true,"href":"https:\/\/pascalnoppe.com\/index.php\/wp-json\/wp\/v2\/product_cat?post=844"},{"taxonomy":"product_tag","embeddable":true,"href":"https:\/\/pascalnoppe.com\/index.php\/wp-json\/wp\/v2\/product_tag?post=844"}],"curies":[{"name":"wp","href":"https:\/\/api.w.org\/{rel}","templated":true}]}}