{"id":809,"date":"2021-05-23T11:38:19","date_gmt":"2021-05-23T09:38:19","guid":{"rendered":"http:\/\/pascalnoppe.com\/?post_type=product&#038;p=809"},"modified":"2021-05-23T11:38:32","modified_gmt":"2021-05-23T09:38:32","slug":"baileys-et-brownies","status":"publish","type":"product","link":"https:\/\/pascalnoppe.com\/index.php\/produit\/baileys-et-brownies\/","title":{"rendered":"Baileys et brownies"},"content":{"rendered":"<p>Mes pot de glace et sorbet fa\u00e7on Pascal, Baileys et brownies: glace baileys, brownies en morceaux, quelques abricots vanill\u00e9s, et du caramel au beurre sal\u00e9. en demi-litre ou litre, un d\u00e9lice de saveurs, <\/p>\n","protected":false},"excerpt":{"rendered":"<p>Mes pot de glace et sorbet fa\u00e7on Pascal, Baileys et brownies: glace baileys, brownies en morceaux, quelques abricots vanill\u00e9s, et du caramel au beurre sal\u00e9. en demi-litre ou litre, un d\u00e9lice de saveurs,<\/p>\n","protected":false},"featured_media":839,"template":"","meta":[],"product_cat":[17,22],"product_tag":[],"_links":{"self":[{"href":"https:\/\/pascalnoppe.com\/index.php\/wp-json\/wp\/v2\/product\/809"}],"collection":[{"href":"https:\/\/pascalnoppe.com\/index.php\/wp-json\/wp\/v2\/product"}],"about":[{"href":"https:\/\/pascalnoppe.com\/index.php\/wp-json\/wp\/v2\/types\/product"}],"version-history":[{"count":0,"href":"https:\/\/pascalnoppe.com\/index.php\/wp-json\/wp\/v2\/product\/809\/revisions"}],"wp:featuredmedia":[{"embeddable":true,"href":"https:\/\/pascalnoppe.com\/index.php\/wp-json\/wp\/v2\/media\/839"}],"wp:attachment":[{"href":"https:\/\/pascalnoppe.com\/index.php\/wp-json\/wp\/v2\/media?parent=809"}],"wp:term":[{"taxonomy":"product_cat","embeddable":true,"href":"https:\/\/pascalnoppe.com\/index.php\/wp-json\/wp\/v2\/product_cat?post=809"},{"taxonomy":"product_tag","embeddable":true,"href":"https:\/\/pascalnoppe.com\/index.php\/wp-json\/wp\/v2\/product_tag?post=809"}],"curies":[{"name":"wp","href":"https:\/\/api.w.org\/{rel}","templated":true}]}}