{"id":801,"date":"2021-05-23T11:38:18","date_gmt":"2021-05-23T09:38:18","guid":{"rendered":"http:\/\/pascalnoppe.com\/?post_type=product&#038;p=801"},"modified":"2021-05-23T11:38:29","modified_gmt":"2021-05-23T09:38:29","slug":"buche-ardechoise","status":"publish","type":"product","link":"https:\/\/pascalnoppe.com\/index.php\/produit\/buche-ardechoise\/","title":{"rendered":"B\u00fbche ard\u00e9choise"},"content":{"rendered":"<p>biscuit fondant au chocolat, glace vanille, biscuit amande, sir\u00f4p rhum, parfait aux marrons avec des d\u00e9bris de marrons, sorbet chocolat noir, glac\u00e9 chocolat noir, d\u00e9cor No\u00ebl.<\/p>\n","protected":false},"excerpt":{"rendered":"<p>biscuit fondant au chocolat, glace vanille, biscuit amande, sir\u00f4p rhum, parfait aux marrons avec des d\u00e9bris de marrons, sorbet chocolat noir, glac\u00e9 chocolat noir, d\u00e9cor No\u00ebl.<\/p>\n","protected":false},"featured_media":831,"template":"","meta":[],"product_cat":[17,22],"product_tag":[],"_links":{"self":[{"href":"https:\/\/pascalnoppe.com\/index.php\/wp-json\/wp\/v2\/product\/801"}],"collection":[{"href":"https:\/\/pascalnoppe.com\/index.php\/wp-json\/wp\/v2\/product"}],"about":[{"href":"https:\/\/pascalnoppe.com\/index.php\/wp-json\/wp\/v2\/types\/product"}],"version-history":[{"count":0,"href":"https:\/\/pascalnoppe.com\/index.php\/wp-json\/wp\/v2\/product\/801\/revisions"}],"wp:featuredmedia":[{"embeddable":true,"href":"https:\/\/pascalnoppe.com\/index.php\/wp-json\/wp\/v2\/media\/831"}],"wp:attachment":[{"href":"https:\/\/pascalnoppe.com\/index.php\/wp-json\/wp\/v2\/media?parent=801"}],"wp:term":[{"taxonomy":"product_cat","embeddable":true,"href":"https:\/\/pascalnoppe.com\/index.php\/wp-json\/wp\/v2\/product_cat?post=801"},{"taxonomy":"product_tag","embeddable":true,"href":"https:\/\/pascalnoppe.com\/index.php\/wp-json\/wp\/v2\/product_tag?post=801"}],"curies":[{"name":"wp","href":"https:\/\/api.w.org\/{rel}","templated":true}]}}