{"id":799,"date":"2021-05-23T11:38:18","date_gmt":"2021-05-23T09:38:18","guid":{"rendered":"http:\/\/pascalnoppe.com\/?post_type=product&#038;p=799"},"modified":"2021-05-23T11:38:27","modified_gmt":"2021-05-23T09:38:27","slug":"buche-fruite-au-nougat-glace","status":"publish","type":"product","link":"https:\/\/pascalnoppe.com\/index.php\/produit\/buche-fruite-au-nougat-glace\/","title":{"rendered":"B\u00fbche fruit\u00e9 au nougat glac\u00e9"},"content":{"rendered":"<p>biscuit amande, sir\u00f4p de framboise, sorbet aux quatres fruits (framboise,citron,orange,ananas,banane), nougat glac\u00e9 fa\u00e7on Pascal, d\u00e9cor&nbsp;No\u00ebl et quelques morceaux de nougats de Mont\u00e9limar maison. &nbsp;<\/p>\n","protected":false},"excerpt":{"rendered":"<p>biscuit amande, sir\u00f4p de framboise, sorbet aux quatres fruits (framboise,citron,orange,ananas,banane), nougat glac\u00e9 fa\u00e7on Pascal, d\u00e9cor&nbsp;No\u00ebl et quelques morceaux de nougats de Mont\u00e9limar maison. &nbsp;<\/p>\n","protected":false},"featured_media":829,"template":"","meta":[],"product_cat":[17,22],"product_tag":[],"_links":{"self":[{"href":"https:\/\/pascalnoppe.com\/index.php\/wp-json\/wp\/v2\/product\/799"}],"collection":[{"href":"https:\/\/pascalnoppe.com\/index.php\/wp-json\/wp\/v2\/product"}],"about":[{"href":"https:\/\/pascalnoppe.com\/index.php\/wp-json\/wp\/v2\/types\/product"}],"version-history":[{"count":0,"href":"https:\/\/pascalnoppe.com\/index.php\/wp-json\/wp\/v2\/product\/799\/revisions"}],"wp:featuredmedia":[{"embeddable":true,"href":"https:\/\/pascalnoppe.com\/index.php\/wp-json\/wp\/v2\/media\/829"}],"wp:attachment":[{"href":"https:\/\/pascalnoppe.com\/index.php\/wp-json\/wp\/v2\/media?parent=799"}],"wp:term":[{"taxonomy":"product_cat","embeddable":true,"href":"https:\/\/pascalnoppe.com\/index.php\/wp-json\/wp\/v2\/product_cat?post=799"},{"taxonomy":"product_tag","embeddable":true,"href":"https:\/\/pascalnoppe.com\/index.php\/wp-json\/wp\/v2\/product_tag?post=799"}],"curies":[{"name":"wp","href":"https:\/\/api.w.org\/{rel}","templated":true}]}}