{"id":788,"date":"2021-05-23T11:38:17","date_gmt":"2021-05-23T09:38:17","guid":{"rendered":"http:\/\/pascalnoppe.com\/?post_type=product&#038;p=788"},"modified":"2021-05-23T11:38:22","modified_gmt":"2021-05-23T09:38:22","slug":"tarte-bretonne","status":"publish","type":"product","link":"https:\/\/pascalnoppe.com\/index.php\/produit\/tarte-bretonne\/","title":{"rendered":"Tarte bretonne"},"content":{"rendered":"<p>P\u00e2te sabl\u00e9e, cr\u00e8me \u00e0 tarte bretonne, pommes po\u00eal\u00e9es, caramel au beurre sal\u00e9, croquant d&rsquo;amandes.<\/p>\n","protected":false},"excerpt":{"rendered":"<p>P\u00e2te sabl\u00e9e, cr\u00e8me \u00e0 tarte bretonne, pommes po\u00eal\u00e9es, caramel au beurre sal\u00e9, croquant d&rsquo;amandes.<\/p>\n","protected":false},"featured_media":818,"template":"","meta":[],"product_cat":[17,36],"product_tag":[],"_links":{"self":[{"href":"https:\/\/pascalnoppe.com\/index.php\/wp-json\/wp\/v2\/product\/788"}],"collection":[{"href":"https:\/\/pascalnoppe.com\/index.php\/wp-json\/wp\/v2\/product"}],"about":[{"href":"https:\/\/pascalnoppe.com\/index.php\/wp-json\/wp\/v2\/types\/product"}],"version-history":[{"count":0,"href":"https:\/\/pascalnoppe.com\/index.php\/wp-json\/wp\/v2\/product\/788\/revisions"}],"wp:featuredmedia":[{"embeddable":true,"href":"https:\/\/pascalnoppe.com\/index.php\/wp-json\/wp\/v2\/media\/818"}],"wp:attachment":[{"href":"https:\/\/pascalnoppe.com\/index.php\/wp-json\/wp\/v2\/media?parent=788"}],"wp:term":[{"taxonomy":"product_cat","embeddable":true,"href":"https:\/\/pascalnoppe.com\/index.php\/wp-json\/wp\/v2\/product_cat?post=788"},{"taxonomy":"product_tag","embeddable":true,"href":"https:\/\/pascalnoppe.com\/index.php\/wp-json\/wp\/v2\/product_tag?post=788"}],"curies":[{"name":"wp","href":"https:\/\/api.w.org\/{rel}","templated":true}]}}