{"id":740,"date":"2021-05-23T11:38:01","date_gmt":"2021-05-23T09:38:01","guid":{"rendered":"http:\/\/pascalnoppe.com\/?post_type=product&#038;p=740"},"modified":"2021-05-23T11:38:10","modified_gmt":"2021-05-23T09:38:10","slug":"le-fraisier","status":"publish","type":"product","link":"https:\/\/pascalnoppe.com\/index.php\/produit\/le-fraisier\/","title":{"rendered":"Le fraisier"},"content":{"rendered":"<p>Les fraisiers aux magasins en vitrine, incontournable l&rsquo;\u00e9t\u00e8, cr\u00e8me moussemine \u00e0 la pistache, des fraises, du biscuit amande et du sirop au cointreau. <\/p>\n","protected":false},"excerpt":{"rendered":"<p>Les fraisiers aux magasins en vitrine, incontournable l&rsquo;\u00e9t\u00e8, cr\u00e8me moussemine \u00e0 la pistache, des fraises, du biscuit amande et du sirop au cointreau.<\/p>\n","protected":false},"featured_media":770,"template":"","meta":[],"product_cat":[17,35],"product_tag":[],"_links":{"self":[{"href":"https:\/\/pascalnoppe.com\/index.php\/wp-json\/wp\/v2\/product\/740"}],"collection":[{"href":"https:\/\/pascalnoppe.com\/index.php\/wp-json\/wp\/v2\/product"}],"about":[{"href":"https:\/\/pascalnoppe.com\/index.php\/wp-json\/wp\/v2\/types\/product"}],"version-history":[{"count":0,"href":"https:\/\/pascalnoppe.com\/index.php\/wp-json\/wp\/v2\/product\/740\/revisions"}],"wp:featuredmedia":[{"embeddable":true,"href":"https:\/\/pascalnoppe.com\/index.php\/wp-json\/wp\/v2\/media\/770"}],"wp:attachment":[{"href":"https:\/\/pascalnoppe.com\/index.php\/wp-json\/wp\/v2\/media?parent=740"}],"wp:term":[{"taxonomy":"product_cat","embeddable":true,"href":"https:\/\/pascalnoppe.com\/index.php\/wp-json\/wp\/v2\/product_cat?post=740"},{"taxonomy":"product_tag","embeddable":true,"href":"https:\/\/pascalnoppe.com\/index.php\/wp-json\/wp\/v2\/product_tag?post=740"}],"curies":[{"name":"wp","href":"https:\/\/api.w.org\/{rel}","templated":true}]}}