{"id":737,"date":"2021-05-23T11:38:00","date_gmt":"2021-05-23T09:38:00","guid":{"rendered":"http:\/\/pascalnoppe.com\/?post_type=product&#038;p=737"},"modified":"2021-05-23T11:38:09","modified_gmt":"2021-05-23T09:38:09","slug":"opera-chocolat","status":"publish","type":"product","link":"https:\/\/pascalnoppe.com\/index.php\/produit\/opera-chocolat\/","title":{"rendered":"Op\u00e9ra chocolat"},"content":{"rendered":"<p>biscuit sacher, ganache chocolat noir exc\u00e9llence, sir\u00f4p grand-marnier, glacage chocolat noir.<\/p>\n","protected":false},"excerpt":{"rendered":"<p>biscuit sacher, ganache chocolat noir exc\u00e9llence, sir\u00f4p grand-marnier, glacage chocolat noir.<\/p>\n","protected":false},"featured_media":767,"template":"","meta":[],"product_cat":[17,35],"product_tag":[],"_links":{"self":[{"href":"https:\/\/pascalnoppe.com\/index.php\/wp-json\/wp\/v2\/product\/737"}],"collection":[{"href":"https:\/\/pascalnoppe.com\/index.php\/wp-json\/wp\/v2\/product"}],"about":[{"href":"https:\/\/pascalnoppe.com\/index.php\/wp-json\/wp\/v2\/types\/product"}],"version-history":[{"count":0,"href":"https:\/\/pascalnoppe.com\/index.php\/wp-json\/wp\/v2\/product\/737\/revisions"}],"wp:featuredmedia":[{"embeddable":true,"href":"https:\/\/pascalnoppe.com\/index.php\/wp-json\/wp\/v2\/media\/767"}],"wp:attachment":[{"href":"https:\/\/pascalnoppe.com\/index.php\/wp-json\/wp\/v2\/media?parent=737"}],"wp:term":[{"taxonomy":"product_cat","embeddable":true,"href":"https:\/\/pascalnoppe.com\/index.php\/wp-json\/wp\/v2\/product_cat?post=737"},{"taxonomy":"product_tag","embeddable":true,"href":"https:\/\/pascalnoppe.com\/index.php\/wp-json\/wp\/v2\/product_tag?post=737"}],"curies":[{"name":"wp","href":"https:\/\/api.w.org\/{rel}","templated":true}]}}