{"id":732,"date":"2021-05-23T11:38:00","date_gmt":"2021-05-23T09:38:00","guid":{"rendered":"http:\/\/pascalnoppe.com\/?post_type=product&#038;p=732"},"modified":"2021-05-23T11:38:07","modified_gmt":"2021-05-23T09:38:07","slug":"le-macaron-royal-3","status":"publish","type":"product","link":"https:\/\/pascalnoppe.com\/index.php\/produit\/le-macaron-royal-3\/","title":{"rendered":"Le macaron royal"},"content":{"rendered":"<p>biscuit macaron, cr\u00e8me p\u00e2tissi\u00e8re \u00e0 la vanille, des framboises , de la cr\u00e8me chantilly et biscuit macaron.Le Favori, un r\u00e9gal.<\/p>\n","protected":false},"excerpt":{"rendered":"<p>biscuit macaron, cr\u00e8me p\u00e2tissi\u00e8re \u00e0 la vanille, des framboises , de la cr\u00e8me chantilly et biscuit macaron.Le Favori, un r\u00e9gal.<\/p>\n","protected":false},"featured_media":762,"template":"","meta":[],"product_cat":[17,35],"product_tag":[],"_links":{"self":[{"href":"https:\/\/pascalnoppe.com\/index.php\/wp-json\/wp\/v2\/product\/732"}],"collection":[{"href":"https:\/\/pascalnoppe.com\/index.php\/wp-json\/wp\/v2\/product"}],"about":[{"href":"https:\/\/pascalnoppe.com\/index.php\/wp-json\/wp\/v2\/types\/product"}],"version-history":[{"count":0,"href":"https:\/\/pascalnoppe.com\/index.php\/wp-json\/wp\/v2\/product\/732\/revisions"}],"wp:featuredmedia":[{"embeddable":true,"href":"https:\/\/pascalnoppe.com\/index.php\/wp-json\/wp\/v2\/media\/762"}],"wp:attachment":[{"href":"https:\/\/pascalnoppe.com\/index.php\/wp-json\/wp\/v2\/media?parent=732"}],"wp:term":[{"taxonomy":"product_cat","embeddable":true,"href":"https:\/\/pascalnoppe.com\/index.php\/wp-json\/wp\/v2\/product_cat?post=732"},{"taxonomy":"product_tag","embeddable":true,"href":"https:\/\/pascalnoppe.com\/index.php\/wp-json\/wp\/v2\/product_tag?post=732"}],"curies":[{"name":"wp","href":"https:\/\/api.w.org\/{rel}","templated":true}]}}