{"id":724,"date":"2021-05-23T11:37:59","date_gmt":"2021-05-23T09:37:59","guid":{"rendered":"http:\/\/pascalnoppe.com\/?post_type=product&#038;p=724"},"modified":"2021-05-23T11:38:03","modified_gmt":"2021-05-23T09:38:03","slug":"opera-cafe-chocolat-2","status":"publish","type":"product","link":"https:\/\/pascalnoppe.com\/index.php\/produit\/opera-cafe-chocolat-2\/","title":{"rendered":"Op\u00e9ra caf\u00e9-chocolat"},"content":{"rendered":"<p>L&rsquo;op\u00e9ra caf\u00e9 chocolat: biscuit sacher, biscuit amande , sirop caf\u00e9-whisky , ganache chocolat noir, cr\u00e8me au beurre caf\u00e9 .<\/p>\n","protected":false},"excerpt":{"rendered":"<p>L&rsquo;op\u00e9ra caf\u00e9 chocolat: biscuit sacher, biscuit amande , sirop caf\u00e9-whisky , ganache chocolat noir, cr\u00e8me au beurre caf\u00e9 .<\/p>\n","protected":false},"featured_media":754,"template":"","meta":[],"product_cat":[17,35],"product_tag":[],"_links":{"self":[{"href":"https:\/\/pascalnoppe.com\/index.php\/wp-json\/wp\/v2\/product\/724"}],"collection":[{"href":"https:\/\/pascalnoppe.com\/index.php\/wp-json\/wp\/v2\/product"}],"about":[{"href":"https:\/\/pascalnoppe.com\/index.php\/wp-json\/wp\/v2\/types\/product"}],"version-history":[{"count":0,"href":"https:\/\/pascalnoppe.com\/index.php\/wp-json\/wp\/v2\/product\/724\/revisions"}],"wp:featuredmedia":[{"embeddable":true,"href":"https:\/\/pascalnoppe.com\/index.php\/wp-json\/wp\/v2\/media\/754"}],"wp:attachment":[{"href":"https:\/\/pascalnoppe.com\/index.php\/wp-json\/wp\/v2\/media?parent=724"}],"wp:term":[{"taxonomy":"product_cat","embeddable":true,"href":"https:\/\/pascalnoppe.com\/index.php\/wp-json\/wp\/v2\/product_cat?post=724"},{"taxonomy":"product_tag","embeddable":true,"href":"https:\/\/pascalnoppe.com\/index.php\/wp-json\/wp\/v2\/product_tag?post=724"}],"curies":[{"name":"wp","href":"https:\/\/api.w.org\/{rel}","templated":true}]}}