{"id":723,"date":"2021-05-23T11:37:59","date_gmt":"2021-05-23T09:37:59","guid":{"rendered":"http:\/\/pascalnoppe.com\/?post_type=product&#038;p=723"},"modified":"2021-05-23T11:38:02","modified_gmt":"2021-05-23T09:38:02","slug":"le-breteuil","status":"publish","type":"product","link":"https:\/\/pascalnoppe.com\/index.php\/produit\/le-breteuil\/","title":{"rendered":"Le Breteuil"},"content":{"rendered":"<p>mousse \u00e0 la mangue, biscuit macaron \u00e0 la coco, cr\u00e8me l\u00e9g\u00e8re au coconut, glac\u00e9 coco.<\/p>\n","protected":false},"excerpt":{"rendered":"<p>mousse \u00e0 la mangue, biscuit macaron \u00e0 la coco, cr\u00e8me l\u00e9g\u00e8re au coconut, glac\u00e9 coco.<\/p>\n","protected":false},"featured_media":753,"template":"","meta":[],"product_cat":[17,35],"product_tag":[],"_links":{"self":[{"href":"https:\/\/pascalnoppe.com\/index.php\/wp-json\/wp\/v2\/product\/723"}],"collection":[{"href":"https:\/\/pascalnoppe.com\/index.php\/wp-json\/wp\/v2\/product"}],"about":[{"href":"https:\/\/pascalnoppe.com\/index.php\/wp-json\/wp\/v2\/types\/product"}],"version-history":[{"count":0,"href":"https:\/\/pascalnoppe.com\/index.php\/wp-json\/wp\/v2\/product\/723\/revisions"}],"wp:featuredmedia":[{"embeddable":true,"href":"https:\/\/pascalnoppe.com\/index.php\/wp-json\/wp\/v2\/media\/753"}],"wp:attachment":[{"href":"https:\/\/pascalnoppe.com\/index.php\/wp-json\/wp\/v2\/media?parent=723"}],"wp:term":[{"taxonomy":"product_cat","embeddable":true,"href":"https:\/\/pascalnoppe.com\/index.php\/wp-json\/wp\/v2\/product_cat?post=723"},{"taxonomy":"product_tag","embeddable":true,"href":"https:\/\/pascalnoppe.com\/index.php\/wp-json\/wp\/v2\/product_tag?post=723"}],"curies":[{"name":"wp","href":"https:\/\/api.w.org\/{rel}","templated":true}]}}