{"id":671,"date":"2021-05-23T11:37:42","date_gmt":"2021-05-23T09:37:42","guid":{"rendered":"http:\/\/pascalnoppe.com\/?post_type=product&#038;p=671"},"modified":"2021-05-23T11:37:48","modified_gmt":"2021-05-23T09:37:48","slug":"le-masai","status":"publish","type":"product","link":"https:\/\/pascalnoppe.com\/index.php\/produit\/le-masai\/","title":{"rendered":"Le masai"},"content":{"rendered":"<p>croustillant de cacahu\u00e8ttes et pralin\u00e9,biscuit chocolat amande au sir\u00f4p nature, cr\u00e8me vanille, mousse chocolat noir exc\u00e9llence, glac\u00e9 \u00e0&nbsp;la ganache chocolat noir et miroir nature \u00e0 la feuille d&rsquo;or.<\/p>\n","protected":false},"excerpt":{"rendered":"<p>croustillant de cacahu\u00e8ttes et pralin\u00e9,biscuit chocolat amande au sir\u00f4p nature, cr\u00e8me vanille, mousse chocolat noir exc\u00e9llence, glac\u00e9 \u00e0&nbsp;la ganache chocolat noir et miroir nature \u00e0 la feuille d&rsquo;or.<\/p>\n","protected":false},"featured_media":701,"template":"","meta":[],"product_cat":[17,19],"product_tag":[],"_links":{"self":[{"href":"https:\/\/pascalnoppe.com\/index.php\/wp-json\/wp\/v2\/product\/671"}],"collection":[{"href":"https:\/\/pascalnoppe.com\/index.php\/wp-json\/wp\/v2\/product"}],"about":[{"href":"https:\/\/pascalnoppe.com\/index.php\/wp-json\/wp\/v2\/types\/product"}],"version-history":[{"count":0,"href":"https:\/\/pascalnoppe.com\/index.php\/wp-json\/wp\/v2\/product\/671\/revisions"}],"wp:featuredmedia":[{"embeddable":true,"href":"https:\/\/pascalnoppe.com\/index.php\/wp-json\/wp\/v2\/media\/701"}],"wp:attachment":[{"href":"https:\/\/pascalnoppe.com\/index.php\/wp-json\/wp\/v2\/media?parent=671"}],"wp:term":[{"taxonomy":"product_cat","embeddable":true,"href":"https:\/\/pascalnoppe.com\/index.php\/wp-json\/wp\/v2\/product_cat?post=671"},{"taxonomy":"product_tag","embeddable":true,"href":"https:\/\/pascalnoppe.com\/index.php\/wp-json\/wp\/v2\/product_tag?post=671"}],"curies":[{"name":"wp","href":"https:\/\/api.w.org\/{rel}","templated":true}]}}