{"id":662,"date":"2021-05-23T11:37:41","date_gmt":"2021-05-23T09:37:41","guid":{"rendered":"http:\/\/pascalnoppe.com\/?post_type=product&#038;p=662"},"modified":"2021-05-23T11:37:44","modified_gmt":"2021-05-23T09:37:44","slug":"macaron-a-la-mandarine-imperial","status":"publish","type":"product","link":"https:\/\/pascalnoppe.com\/index.php\/produit\/macaron-a-la-mandarine-imperial\/","title":{"rendered":"Macaron \u00e0 la mandarine imp\u00e8rial"},"content":{"rendered":"<p>biscuit macaron, ganache chocolat \u00e0 l&rsquo;orange et mandarine imp\u00e8rial.<\/p>\n","protected":false},"excerpt":{"rendered":"<p>biscuit macaron, ganache chocolat \u00e0 l&rsquo;orange et mandarine imp\u00e8rial.<\/p>\n","protected":false},"featured_media":692,"template":"","meta":[],"product_cat":[17,18],"product_tag":[],"_links":{"self":[{"href":"https:\/\/pascalnoppe.com\/index.php\/wp-json\/wp\/v2\/product\/662"}],"collection":[{"href":"https:\/\/pascalnoppe.com\/index.php\/wp-json\/wp\/v2\/product"}],"about":[{"href":"https:\/\/pascalnoppe.com\/index.php\/wp-json\/wp\/v2\/types\/product"}],"version-history":[{"count":0,"href":"https:\/\/pascalnoppe.com\/index.php\/wp-json\/wp\/v2\/product\/662\/revisions"}],"wp:featuredmedia":[{"embeddable":true,"href":"https:\/\/pascalnoppe.com\/index.php\/wp-json\/wp\/v2\/media\/692"}],"wp:attachment":[{"href":"https:\/\/pascalnoppe.com\/index.php\/wp-json\/wp\/v2\/media?parent=662"}],"wp:term":[{"taxonomy":"product_cat","embeddable":true,"href":"https:\/\/pascalnoppe.com\/index.php\/wp-json\/wp\/v2\/product_cat?post=662"},{"taxonomy":"product_tag","embeddable":true,"href":"https:\/\/pascalnoppe.com\/index.php\/wp-json\/wp\/v2\/product_tag?post=662"}],"curies":[{"name":"wp","href":"https:\/\/api.w.org\/{rel}","templated":true}]}}