{"id":1368,"date":"2021-05-23T12:01:08","date_gmt":"2021-05-23T10:01:08","guid":{"rendered":"http:\/\/pascalnoppe.com\/?post_type=product&#038;p=1368"},"modified":"2021-05-23T12:01:11","modified_gmt":"2021-05-23T10:01:11","slug":"tarte-bretonne-2","status":"publish","type":"product","link":"https:\/\/pascalnoppe.com\/index.php\/produit\/tarte-bretonne-2\/","title":{"rendered":"Tarte bretonne"},"content":{"rendered":"<p>fond sabl\u00e9, cr\u00e8me l\u00e9g\u00e8re \u00e0 cuire avec beaucoup de pommes pr\u00e9cuite,&nbsp;<\/p>\n<div>du caramel au beurre sal\u00e9, des amandes effil\u00e9es croquantes, le tout cuit ensemble, un d\u00e9lice&nbsp;<\/div>\n","protected":false},"excerpt":{"rendered":"<p>fond sabl\u00e9, cr\u00e8me l\u00e9g\u00e8re \u00e0 cuire avec beaucoup de pommes pr\u00e9cuite,&nbsp; du caramel au beurre sal\u00e9, des amandes effil\u00e9es croquantes, le tout cuit ensemble, un d\u00e9lice&nbsp;<\/p>\n","protected":false},"featured_media":1375,"template":"","meta":[],"product_cat":[17,24],"product_tag":[],"_links":{"self":[{"href":"https:\/\/pascalnoppe.com\/index.php\/wp-json\/wp\/v2\/product\/1368"}],"collection":[{"href":"https:\/\/pascalnoppe.com\/index.php\/wp-json\/wp\/v2\/product"}],"about":[{"href":"https:\/\/pascalnoppe.com\/index.php\/wp-json\/wp\/v2\/types\/product"}],"version-history":[{"count":0,"href":"https:\/\/pascalnoppe.com\/index.php\/wp-json\/wp\/v2\/product\/1368\/revisions"}],"wp:featuredmedia":[{"embeddable":true,"href":"https:\/\/pascalnoppe.com\/index.php\/wp-json\/wp\/v2\/media\/1375"}],"wp:attachment":[{"href":"https:\/\/pascalnoppe.com\/index.php\/wp-json\/wp\/v2\/media?parent=1368"}],"wp:term":[{"taxonomy":"product_cat","embeddable":true,"href":"https:\/\/pascalnoppe.com\/index.php\/wp-json\/wp\/v2\/product_cat?post=1368"},{"taxonomy":"product_tag","embeddable":true,"href":"https:\/\/pascalnoppe.com\/index.php\/wp-json\/wp\/v2\/product_tag?post=1368"}],"curies":[{"name":"wp","href":"https:\/\/api.w.org\/{rel}","templated":true}]}}