{"id":1367,"date":"2021-05-23T12:01:08","date_gmt":"2021-05-23T10:01:08","guid":{"rendered":"http:\/\/pascalnoppe.com\/?post_type=product&#038;p=1367"},"modified":"2021-05-23T12:01:11","modified_gmt":"2021-05-23T10:01:11","slug":"tarte-flan-vanille","status":"publish","type":"product","link":"https:\/\/pascalnoppe.com\/index.php\/produit\/tarte-flan-vanille\/","title":{"rendered":"Tarte flan vanille"},"content":{"rendered":"<p>P\u00e2te feuillet\u00e9e, cr\u00e8me \u00e0 flan vanille avec vanille, cuit au four.<\/p>\n","protected":false},"excerpt":{"rendered":"<p>P\u00e2te feuillet\u00e9e, cr\u00e8me \u00e0 flan vanille avec vanille, cuit au four.<\/p>\n","protected":false},"featured_media":1374,"template":"","meta":[],"product_cat":[17,24],"product_tag":[],"_links":{"self":[{"href":"https:\/\/pascalnoppe.com\/index.php\/wp-json\/wp\/v2\/product\/1367"}],"collection":[{"href":"https:\/\/pascalnoppe.com\/index.php\/wp-json\/wp\/v2\/product"}],"about":[{"href":"https:\/\/pascalnoppe.com\/index.php\/wp-json\/wp\/v2\/types\/product"}],"version-history":[{"count":0,"href":"https:\/\/pascalnoppe.com\/index.php\/wp-json\/wp\/v2\/product\/1367\/revisions"}],"wp:featuredmedia":[{"embeddable":true,"href":"https:\/\/pascalnoppe.com\/index.php\/wp-json\/wp\/v2\/media\/1374"}],"wp:attachment":[{"href":"https:\/\/pascalnoppe.com\/index.php\/wp-json\/wp\/v2\/media?parent=1367"}],"wp:term":[{"taxonomy":"product_cat","embeddable":true,"href":"https:\/\/pascalnoppe.com\/index.php\/wp-json\/wp\/v2\/product_cat?post=1367"},{"taxonomy":"product_tag","embeddable":true,"href":"https:\/\/pascalnoppe.com\/index.php\/wp-json\/wp\/v2\/product_tag?post=1367"}],"curies":[{"name":"wp","href":"https:\/\/api.w.org\/{rel}","templated":true}]}}