{"id":1364,"date":"2021-05-23T12:01:08","date_gmt":"2021-05-23T10:01:08","guid":{"rendered":"http:\/\/pascalnoppe.com\/?post_type=product&#038;p=1364"},"modified":"2021-05-23T12:01:09","modified_gmt":"2021-05-23T10:01:09","slug":"tartelette-passion-ananas","status":"publish","type":"product","link":"https:\/\/pascalnoppe.com\/index.php\/produit\/tartelette-passion-ananas\/","title":{"rendered":"Tartelette passion ananas"},"content":{"rendered":"<p>p\u00e2te sabl\u00e9e, cr\u00e9me passion et banane, ananas poel\u00e9s \u00e0 la vanille et caram\u00e9lis\u00e9s.<\/p>\n","protected":false},"excerpt":{"rendered":"<p>p\u00e2te sabl\u00e9e, cr\u00e9me passion et banane, ananas poel\u00e9s \u00e0 la vanille et caram\u00e9lis\u00e9s.<\/p>\n","protected":false},"featured_media":1371,"template":"","meta":[],"product_cat":[17,24],"product_tag":[],"_links":{"self":[{"href":"https:\/\/pascalnoppe.com\/index.php\/wp-json\/wp\/v2\/product\/1364"}],"collection":[{"href":"https:\/\/pascalnoppe.com\/index.php\/wp-json\/wp\/v2\/product"}],"about":[{"href":"https:\/\/pascalnoppe.com\/index.php\/wp-json\/wp\/v2\/types\/product"}],"version-history":[{"count":0,"href":"https:\/\/pascalnoppe.com\/index.php\/wp-json\/wp\/v2\/product\/1364\/revisions"}],"wp:featuredmedia":[{"embeddable":true,"href":"https:\/\/pascalnoppe.com\/index.php\/wp-json\/wp\/v2\/media\/1371"}],"wp:attachment":[{"href":"https:\/\/pascalnoppe.com\/index.php\/wp-json\/wp\/v2\/media?parent=1364"}],"wp:term":[{"taxonomy":"product_cat","embeddable":true,"href":"https:\/\/pascalnoppe.com\/index.php\/wp-json\/wp\/v2\/product_cat?post=1364"},{"taxonomy":"product_tag","embeddable":true,"href":"https:\/\/pascalnoppe.com\/index.php\/wp-json\/wp\/v2\/product_tag?post=1364"}],"curies":[{"name":"wp","href":"https:\/\/api.w.org\/{rel}","templated":true}]}}

<p>pâte sablée, créme passion et banane, ananas poelés à la vanille et caramélisés.</p>
