{"id":1284,"date":"2021-05-23T11:40:38","date_gmt":"2021-05-23T09:40:38","guid":{"rendered":"http:\/\/pascalnoppe.com\/?post_type=product&#038;p=1284"},"modified":"2021-05-23T11:40:51","modified_gmt":"2021-05-23T09:40:51","slug":"baguettes-tradition","status":"publish","type":"product","link":"https:\/\/pascalnoppe.com\/index.php\/produit\/baguettes-tradition\/","title":{"rendered":"Baguettes tradition"},"content":{"rendered":"<p>Un coup de lame sur les baguettes avant de les enfourner,&nbsp;<\/p>\n<div>les baguettes sont disposer sur un tapis pr\u00eat \u00e0 \u00eatre mis au four,&nbsp;<\/p>\n<div>cuisson dans un four chaud..,&nbsp;<\/div>\n<div><\/div>\n<\/div>\n","protected":false},"excerpt":{"rendered":"<p>Un coup de lame sur les baguettes avant de les enfourner,&nbsp; les baguettes sont disposer sur un tapis pr\u00eat \u00e0 \u00eatre mis au four,&nbsp; cuisson dans un four chaud..,&nbsp;<\/p>\n","protected":false},"featured_media":1314,"template":"","meta":[],"product_cat":[17,28],"product_tag":[],"_links":{"self":[{"href":"https:\/\/pascalnoppe.com\/index.php\/wp-json\/wp\/v2\/product\/1284"}],"collection":[{"href":"https:\/\/pascalnoppe.com\/index.php\/wp-json\/wp\/v2\/product"}],"about":[{"href":"https:\/\/pascalnoppe.com\/index.php\/wp-json\/wp\/v2\/types\/product"}],"version-history":[{"count":0,"href":"https:\/\/pascalnoppe.com\/index.php\/wp-json\/wp\/v2\/product\/1284\/revisions"}],"wp:featuredmedia":[{"embeddable":true,"href":"https:\/\/pascalnoppe.com\/index.php\/wp-json\/wp\/v2\/media\/1314"}],"wp:attachment":[{"href":"https:\/\/pascalnoppe.com\/index.php\/wp-json\/wp\/v2\/media?parent=1284"}],"wp:term":[{"taxonomy":"product_cat","embeddable":true,"href":"https:\/\/pascalnoppe.com\/index.php\/wp-json\/wp\/v2\/product_cat?post=1284"},{"taxonomy":"product_tag","embeddable":true,"href":"https:\/\/pascalnoppe.com\/index.php\/wp-json\/wp\/v2\/product_tag?post=1284"}],"curies":[{"name":"wp","href":"https:\/\/api.w.org\/{rel}","templated":true}]}}