{"id":1268,"date":"2021-05-23T11:40:36","date_gmt":"2021-05-23T09:40:36","guid":{"rendered":"http:\/\/pascalnoppe.com\/?post_type=product&#038;p=1268"},"modified":"2021-06-19T20:12:17","modified_gmt":"2021-06-19T18:12:17","slug":"leonardo-gateau-danniversaire","status":"publish","type":"product","link":"https:\/\/pascalnoppe.com\/index.php\/produit\/leonardo-gateau-danniversaire\/","title":{"rendered":"Leonardo g\u00e2teau d&rsquo;anniversaire"},"content":{"rendered":"<p>Pour Leonardo, mon g\u00e2teau Pat Patrol , pour un anniversaire magique, un moment qui marque les enfants,<\/p>\n<div>style fraisier , pour 16 pers, g\u00e9noise amande , sirop nature, beaucoup de fraises , recouvert de p\u00e2te \u00e0 sucre ,<\/div>\n<div>dessiner sur le g\u00e2teau et colorier \u00e0 l&rsquo;a\u00e9rographe,<\/div>\n","protected":false},"excerpt":{"rendered":"<p>Pour Leonardo, mon g\u00e2teau Pat Patrol , pour un anniversaire magique, un moment qui marque les enfants, style fraisier , pour 16 pers, g\u00e9noise amande , sirop nature, beaucoup de fraises , recouvert de p\u00e2te \u00e0 sucre , dessiner sur le g\u00e2teau et colorier \u00e0 l&rsquo;a\u00e9rographe,<\/p>\n","protected":false},"featured_media":1298,"template":"","meta":[],"product_cat":[17,27],"product_tag":[],"_links":{"self":[{"href":"https:\/\/pascalnoppe.com\/index.php\/wp-json\/wp\/v2\/product\/1268"}],"collection":[{"href":"https:\/\/pascalnoppe.com\/index.php\/wp-json\/wp\/v2\/product"}],"about":[{"href":"https:\/\/pascalnoppe.com\/index.php\/wp-json\/wp\/v2\/types\/product"}],"version-history":[{"count":2,"href":"https:\/\/pascalnoppe.com\/index.php\/wp-json\/wp\/v2\/product\/1268\/revisions"}],"predecessor-version":[{"id":1866,"href":"https:\/\/pascalnoppe.com\/index.php\/wp-json\/wp\/v2\/product\/1268\/revisions\/1866"}],"wp:featuredmedia":[{"embeddable":true,"href":"https:\/\/pascalnoppe.com\/index.php\/wp-json\/wp\/v2\/media\/1298"}],"wp:attachment":[{"href":"https:\/\/pascalnoppe.com\/index.php\/wp-json\/wp\/v2\/media?parent=1268"}],"wp:term":[{"taxonomy":"product_cat","embeddable":true,"href":"https:\/\/pascalnoppe.com\/index.php\/wp-json\/wp\/v2\/product_cat?post=1268"},{"taxonomy":"product_tag","embeddable":true,"href":"https:\/\/pascalnoppe.com\/index.php\/wp-json\/wp\/v2\/product_tag?post=1268"}],"curies":[{"name":"wp","href":"https:\/\/api.w.org\/{rel}","templated":true}]}}