{"id":1266,"date":"2021-05-23T11:40:36","date_gmt":"2021-05-23T09:40:36","guid":{"rendered":"http:\/\/pascalnoppe.com\/?post_type=product&#038;p=1266"},"modified":"2021-06-19T20:07:27","modified_gmt":"2021-06-19T18:07:27","slug":"logo","status":"publish","type":"product","link":"https:\/\/pascalnoppe.com\/index.php\/produit\/logo\/","title":{"rendered":"logo"},"content":{"rendered":"<p>Logo pour le club de Aikido de Senlis ,<\/p>\n<p>r\u00e9aliser sur une p\u00e2te a sucre , et ensuite tout est r\u00e9aliser \u00e0 la main, il me faut un peu de temps ,<\/p>\n<p>ensuite je le pose sur le g\u00e2teau , ici c&rsquo;\u00e9tait pour un sensation exotique ,<\/p>\n","protected":false},"excerpt":{"rendered":"<p>Logo pour le club de Aikido de Senlis , r\u00e9aliser sur une p\u00e2te a sucre , et ensuite tout est r\u00e9aliser \u00e0 la main, il me faut un peu de temps , ensuite je le pose sur le g\u00e2teau , ici c&rsquo;\u00e9tait pour un sensation exotique ,<\/p>\n","protected":false},"featured_media":1296,"template":"","meta":[],"product_cat":[17,27],"product_tag":[],"_links":{"self":[{"href":"https:\/\/pascalnoppe.com\/index.php\/wp-json\/wp\/v2\/product\/1266"}],"collection":[{"href":"https:\/\/pascalnoppe.com\/index.php\/wp-json\/wp\/v2\/product"}],"about":[{"href":"https:\/\/pascalnoppe.com\/index.php\/wp-json\/wp\/v2\/types\/product"}],"version-history":[{"count":2,"href":"https:\/\/pascalnoppe.com\/index.php\/wp-json\/wp\/v2\/product\/1266\/revisions"}],"predecessor-version":[{"id":1862,"href":"https:\/\/pascalnoppe.com\/index.php\/wp-json\/wp\/v2\/product\/1266\/revisions\/1862"}],"wp:featuredmedia":[{"embeddable":true,"href":"https:\/\/pascalnoppe.com\/index.php\/wp-json\/wp\/v2\/media\/1296"}],"wp:attachment":[{"href":"https:\/\/pascalnoppe.com\/index.php\/wp-json\/wp\/v2\/media?parent=1266"}],"wp:term":[{"taxonomy":"product_cat","embeddable":true,"href":"https:\/\/pascalnoppe.com\/index.php\/wp-json\/wp\/v2\/product_cat?post=1266"},{"taxonomy":"product_tag","embeddable":true,"href":"https:\/\/pascalnoppe.com\/index.php\/wp-json\/wp\/v2\/product_tag?post=1266"}],"curies":[{"name":"wp","href":"https:\/\/api.w.org\/{rel}","templated":true}]}}