{"id":1263,"date":"2021-05-23T11:40:36","date_gmt":"2021-05-23T09:40:36","guid":{"rendered":"http:\/\/pascalnoppe.com\/?post_type=product&#038;p=1263"},"modified":"2021-06-26T20:33:12","modified_gmt":"2021-06-26T18:33:12","slug":"gateau-danniversaire-2","status":"publish","type":"product","link":"https:\/\/pascalnoppe.com\/index.php\/produit\/gateau-danniversaire-2\/","title":{"rendered":"G\u00e2teau d&rsquo;anniversaire"},"content":{"rendered":"<p>Comme un fraisier, G\u00e2teau d&rsquo;anniversaire pour les 2 ans de Julianna, r\u00e9aliser \u00e0 la main, un chien, son cadeau \u2026<\/p>\n<p>Cette fois ci , dessiner au pinceau , souvenir souvenir,<\/p>\n","protected":false},"excerpt":{"rendered":"<p>Comme un fraisier, G\u00e2teau d&rsquo;anniversaire pour les 2 ans de Julianna, r\u00e9aliser \u00e0 la main, un chien, son cadeau \u2026 Cette fois ci , dessiner au pinceau , souvenir souvenir,<\/p>\n","protected":false},"featured_media":1293,"template":"","meta":[],"product_cat":[17,27],"product_tag":[],"_links":{"self":[{"href":"https:\/\/pascalnoppe.com\/index.php\/wp-json\/wp\/v2\/product\/1263"}],"collection":[{"href":"https:\/\/pascalnoppe.com\/index.php\/wp-json\/wp\/v2\/product"}],"about":[{"href":"https:\/\/pascalnoppe.com\/index.php\/wp-json\/wp\/v2\/types\/product"}],"version-history":[{"count":3,"href":"https:\/\/pascalnoppe.com\/index.php\/wp-json\/wp\/v2\/product\/1263\/revisions"}],"predecessor-version":[{"id":1937,"href":"https:\/\/pascalnoppe.com\/index.php\/wp-json\/wp\/v2\/product\/1263\/revisions\/1937"}],"wp:featuredmedia":[{"embeddable":true,"href":"https:\/\/pascalnoppe.com\/index.php\/wp-json\/wp\/v2\/media\/1293"}],"wp:attachment":[{"href":"https:\/\/pascalnoppe.com\/index.php\/wp-json\/wp\/v2\/media?parent=1263"}],"wp:term":[{"taxonomy":"product_cat","embeddable":true,"href":"https:\/\/pascalnoppe.com\/index.php\/wp-json\/wp\/v2\/product_cat?post=1263"},{"taxonomy":"product_tag","embeddable":true,"href":"https:\/\/pascalnoppe.com\/index.php\/wp-json\/wp\/v2\/product_tag?post=1263"}],"curies":[{"name":"wp","href":"https:\/\/api.w.org\/{rel}","templated":true}]}}