{"id":1258,"date":"2021-05-23T11:40:35","date_gmt":"2021-05-23T09:40:35","guid":{"rendered":"http:\/\/pascalnoppe.com\/?post_type=product&#038;p=1258"},"modified":"2021-06-20T13:29:29","modified_gmt":"2021-06-20T11:29:29","slug":"fee-clochette","status":"publish","type":"product","link":"https:\/\/pascalnoppe.com\/index.php\/produit\/fee-clochette\/","title":{"rendered":"F\u00e9e clochette"},"content":{"rendered":"<p>Ici F\u00e9e clochette dessiner pour une pi\u00e8ce mont\u00e9e \u00e0 2 \u00e9tages, r\u00e9aliser sur de la p\u00e2te \u00e0 sucre, fait \u00e0 la main.<\/p>\n<p>coller sur un disque de nougatine , cela donne un charme en plus \u00e0 la pi\u00e8ce.<\/p>\n<p>&nbsp;<\/p>\n<p>&nbsp;<\/p>\n","protected":false},"excerpt":{"rendered":"<p>Ici F\u00e9e clochette dessiner pour une pi\u00e8ce mont\u00e9e \u00e0 2 \u00e9tages, r\u00e9aliser sur de la p\u00e2te \u00e0 sucre, fait \u00e0 la main. coller sur un disque de nougatine , cela donne un charme en plus \u00e0 la pi\u00e8ce. &nbsp; &nbsp;<\/p>\n","protected":false},"featured_media":1288,"template":"","meta":[],"product_cat":[17,27],"product_tag":[],"_links":{"self":[{"href":"https:\/\/pascalnoppe.com\/index.php\/wp-json\/wp\/v2\/product\/1258"}],"collection":[{"href":"https:\/\/pascalnoppe.com\/index.php\/wp-json\/wp\/v2\/product"}],"about":[{"href":"https:\/\/pascalnoppe.com\/index.php\/wp-json\/wp\/v2\/types\/product"}],"version-history":[{"count":2,"href":"https:\/\/pascalnoppe.com\/index.php\/wp-json\/wp\/v2\/product\/1258\/revisions"}],"predecessor-version":[{"id":1876,"href":"https:\/\/pascalnoppe.com\/index.php\/wp-json\/wp\/v2\/product\/1258\/revisions\/1876"}],"wp:featuredmedia":[{"embeddable":true,"href":"https:\/\/pascalnoppe.com\/index.php\/wp-json\/wp\/v2\/media\/1288"}],"wp:attachment":[{"href":"https:\/\/pascalnoppe.com\/index.php\/wp-json\/wp\/v2\/media?parent=1258"}],"wp:term":[{"taxonomy":"product_cat","embeddable":true,"href":"https:\/\/pascalnoppe.com\/index.php\/wp-json\/wp\/v2\/product_cat?post=1258"},{"taxonomy":"product_tag","embeddable":true,"href":"https:\/\/pascalnoppe.com\/index.php\/wp-json\/wp\/v2\/product_tag?post=1258"}],"curies":[{"name":"wp","href":"https:\/\/api.w.org\/{rel}","templated":true}]}}