{"id":1220,"date":"2021-05-23T11:40:19","date_gmt":"2021-05-23T09:40:19","guid":{"rendered":"http:\/\/pascalnoppe.com\/?post_type=product&#038;p=1220"},"modified":"2021-06-23T14:13:33","modified_gmt":"2021-06-23T12:13:33","slug":"le-sensation-vanille-2","status":"publish","type":"product","link":"https:\/\/pascalnoppe.com\/index.php\/produit\/le-sensation-vanille-2\/","title":{"rendered":"le sensation vanille"},"content":{"rendered":"<p>Ici , un g\u00e2teau d&rsquo;anniversaire , le sensation vanille, pour 16 pers, d\u00e9corer \u00e0 la demande du client avec la repr\u00e9sentation de Mini en relief, sur un gla\u00e7age chocolat rose,<\/p>\n<p>toujours un moment magique , l&rsquo;effet du d\u00e9cor est important , il marque les esprit des enfants , c&rsquo;est important ,<\/p>\n","protected":false},"excerpt":{"rendered":"<p>Ici , un g\u00e2teau d&rsquo;anniversaire , le sensation vanille, pour 16 pers, d\u00e9corer \u00e0 la demande du client avec la repr\u00e9sentation de Mini en relief, sur un gla\u00e7age chocolat rose, toujours un moment magique , l&rsquo;effet du d\u00e9cor est important , il marque les esprit des enfants , c&rsquo;est important ,<\/p>\n","protected":false},"featured_media":1250,"template":"","meta":[],"product_cat":[17,27],"product_tag":[],"_links":{"self":[{"href":"https:\/\/pascalnoppe.com\/index.php\/wp-json\/wp\/v2\/product\/1220"}],"collection":[{"href":"https:\/\/pascalnoppe.com\/index.php\/wp-json\/wp\/v2\/product"}],"about":[{"href":"https:\/\/pascalnoppe.com\/index.php\/wp-json\/wp\/v2\/types\/product"}],"version-history":[{"count":2,"href":"https:\/\/pascalnoppe.com\/index.php\/wp-json\/wp\/v2\/product\/1220\/revisions"}],"predecessor-version":[{"id":1888,"href":"https:\/\/pascalnoppe.com\/index.php\/wp-json\/wp\/v2\/product\/1220\/revisions\/1888"}],"wp:featuredmedia":[{"embeddable":true,"href":"https:\/\/pascalnoppe.com\/index.php\/wp-json\/wp\/v2\/media\/1250"}],"wp:attachment":[{"href":"https:\/\/pascalnoppe.com\/index.php\/wp-json\/wp\/v2\/media?parent=1220"}],"wp:term":[{"taxonomy":"product_cat","embeddable":true,"href":"https:\/\/pascalnoppe.com\/index.php\/wp-json\/wp\/v2\/product_cat?post=1220"},{"taxonomy":"product_tag","embeddable":true,"href":"https:\/\/pascalnoppe.com\/index.php\/wp-json\/wp\/v2\/product_tag?post=1220"}],"curies":[{"name":"wp","href":"https:\/\/api.w.org\/{rel}","templated":true}]}}