{"id":1209,"date":"2021-05-23T11:40:18","date_gmt":"2021-05-23T09:40:18","guid":{"rendered":"http:\/\/pascalnoppe.com\/?post_type=product&#038;p=1209"},"modified":"2021-05-23T11:40:26","modified_gmt":"2021-05-23T09:40:26","slug":"gateau-de-mariage-6","status":"publish","type":"product","link":"https:\/\/pascalnoppe.com\/index.php\/produit\/gateau-de-mariage-6\/","title":{"rendered":"G\u00e2teau de mariage"},"content":{"rendered":"<p>Style am\u00e9ricain , g\u00e2teau de mariage, g\u00e9noise amande, sirop framboise, cr\u00e8me mousseline vanille, avec des fraises et des framboises, p\u00e2te a sucre d\u00e9cor , et roses en sucre tir\u00e9.<\/p>\n","protected":false},"excerpt":{"rendered":"<p>Style am\u00e9ricain , g\u00e2teau de mariage, g\u00e9noise amande, sirop framboise, cr\u00e8me mousseline vanille, avec des fraises et des framboises, p\u00e2te a sucre d\u00e9cor , et roses en sucre tir\u00e9.<\/p>\n","protected":false},"featured_media":1239,"template":"","meta":[],"product_cat":[17,27],"product_tag":[],"_links":{"self":[{"href":"https:\/\/pascalnoppe.com\/index.php\/wp-json\/wp\/v2\/product\/1209"}],"collection":[{"href":"https:\/\/pascalnoppe.com\/index.php\/wp-json\/wp\/v2\/product"}],"about":[{"href":"https:\/\/pascalnoppe.com\/index.php\/wp-json\/wp\/v2\/types\/product"}],"version-history":[{"count":0,"href":"https:\/\/pascalnoppe.com\/index.php\/wp-json\/wp\/v2\/product\/1209\/revisions"}],"wp:featuredmedia":[{"embeddable":true,"href":"https:\/\/pascalnoppe.com\/index.php\/wp-json\/wp\/v2\/media\/1239"}],"wp:attachment":[{"href":"https:\/\/pascalnoppe.com\/index.php\/wp-json\/wp\/v2\/media?parent=1209"}],"wp:term":[{"taxonomy":"product_cat","embeddable":true,"href":"https:\/\/pascalnoppe.com\/index.php\/wp-json\/wp\/v2\/product_cat?post=1209"},{"taxonomy":"product_tag","embeddable":true,"href":"https:\/\/pascalnoppe.com\/index.php\/wp-json\/wp\/v2\/product_tag?post=1209"}],"curies":[{"name":"wp","href":"https:\/\/api.w.org\/{rel}","templated":true}]}}