{"id":1200,"date":"2021-05-23T11:40:17","date_gmt":"2021-05-23T09:40:17","guid":{"rendered":"http:\/\/pascalnoppe.com\/?post_type=product&#038;p=1200"},"modified":"2021-05-23T11:40:22","modified_gmt":"2021-05-23T09:40:22","slug":"popeye","status":"publish","type":"product","link":"https:\/\/pascalnoppe.com\/index.php\/produit\/popeye\/","title":{"rendered":"Popeye"},"content":{"rendered":"<p>op\u00e9ra pralin\u00e9 de 16 pers, d\u00e9cor Popeye , &nbsp;Tout mes cartoon sont r\u00e9alis\u00e9s \u00e0 la main &#8230;<\/p>\n","protected":false},"excerpt":{"rendered":"<p>op\u00e9ra pralin\u00e9 de 16 pers, d\u00e9cor Popeye , &nbsp;Tout mes cartoon sont r\u00e9alis\u00e9s \u00e0 la main &#8230;<\/p>\n","protected":false},"featured_media":1230,"template":"","meta":[],"product_cat":[17,27],"product_tag":[],"_links":{"self":[{"href":"https:\/\/pascalnoppe.com\/index.php\/wp-json\/wp\/v2\/product\/1200"}],"collection":[{"href":"https:\/\/pascalnoppe.com\/index.php\/wp-json\/wp\/v2\/product"}],"about":[{"href":"https:\/\/pascalnoppe.com\/index.php\/wp-json\/wp\/v2\/types\/product"}],"version-history":[{"count":0,"href":"https:\/\/pascalnoppe.com\/index.php\/wp-json\/wp\/v2\/product\/1200\/revisions"}],"wp:featuredmedia":[{"embeddable":true,"href":"https:\/\/pascalnoppe.com\/index.php\/wp-json\/wp\/v2\/media\/1230"}],"wp:attachment":[{"href":"https:\/\/pascalnoppe.com\/index.php\/wp-json\/wp\/v2\/media?parent=1200"}],"wp:term":[{"taxonomy":"product_cat","embeddable":true,"href":"https:\/\/pascalnoppe.com\/index.php\/wp-json\/wp\/v2\/product_cat?post=1200"},{"taxonomy":"product_tag","embeddable":true,"href":"https:\/\/pascalnoppe.com\/index.php\/wp-json\/wp\/v2\/product_tag?post=1200"}],"curies":[{"name":"wp","href":"https:\/\/api.w.org\/{rel}","templated":true}]}}