{"id":1152,"date":"2021-05-23T11:40:02","date_gmt":"2021-05-23T09:40:02","guid":{"rendered":"http:\/\/pascalnoppe.com\/?post_type=product&#038;p=1152"},"modified":"2021-06-26T20:49:01","modified_gmt":"2021-06-26T18:49:01","slug":"gateau-avec-logo","status":"publish","type":"product","link":"https:\/\/pascalnoppe.com\/index.php\/produit\/gateau-avec-logo\/","title":{"rendered":"G\u00e2teau avec logo"},"content":{"rendered":"<p>ici, le tout chocolat noir , r\u00e9alis\u00e9 avec Logo \u00e0 la demande du client, pr\u00eat \u00e0 \u00eatre livrer.<\/p>\n<p>un travail de pr\u00e9cision , qui demande une certaine maitrise de reproduction, sans machine , tout \u00e0 la main,<\/p>\n","protected":false},"excerpt":{"rendered":"<p>ici, le tout chocolat noir , r\u00e9alis\u00e9 avec Logo \u00e0 la demande du client, pr\u00eat \u00e0 \u00eatre livrer. un travail de pr\u00e9cision , qui demande une certaine maitrise de reproduction, sans machine , tout \u00e0 la main,<\/p>\n","protected":false},"featured_media":1182,"template":"","meta":[],"product_cat":[17,27],"product_tag":[],"_links":{"self":[{"href":"https:\/\/pascalnoppe.com\/index.php\/wp-json\/wp\/v2\/product\/1152"}],"collection":[{"href":"https:\/\/pascalnoppe.com\/index.php\/wp-json\/wp\/v2\/product"}],"about":[{"href":"https:\/\/pascalnoppe.com\/index.php\/wp-json\/wp\/v2\/types\/product"}],"version-history":[{"count":2,"href":"https:\/\/pascalnoppe.com\/index.php\/wp-json\/wp\/v2\/product\/1152\/revisions"}],"predecessor-version":[{"id":1948,"href":"https:\/\/pascalnoppe.com\/index.php\/wp-json\/wp\/v2\/product\/1152\/revisions\/1948"}],"wp:featuredmedia":[{"embeddable":true,"href":"https:\/\/pascalnoppe.com\/index.php\/wp-json\/wp\/v2\/media\/1182"}],"wp:attachment":[{"href":"https:\/\/pascalnoppe.com\/index.php\/wp-json\/wp\/v2\/media?parent=1152"}],"wp:term":[{"taxonomy":"product_cat","embeddable":true,"href":"https:\/\/pascalnoppe.com\/index.php\/wp-json\/wp\/v2\/product_cat?post=1152"},{"taxonomy":"product_tag","embeddable":true,"href":"https:\/\/pascalnoppe.com\/index.php\/wp-json\/wp\/v2\/product_tag?post=1152"}],"curies":[{"name":"wp","href":"https:\/\/api.w.org\/{rel}","templated":true}]}}