{"id":1144,"date":"2021-05-23T11:40:01","date_gmt":"2021-05-23T09:40:01","guid":{"rendered":"http:\/\/pascalnoppe.com\/?post_type=product&#038;p=1144"},"modified":"2021-06-26T21:03:44","modified_gmt":"2021-06-26T19:03:44","slug":"gateau-de-mariage","status":"publish","type":"product","link":"https:\/\/pascalnoppe.com\/index.php\/produit\/gateau-de-mariage\/","title":{"rendered":"G\u00e2teau de mariage au Caire, au Sheraton el Gezirah"},"content":{"rendered":"<p>g\u00e2teau de mariage r\u00e9alis\u00e9 au Gezirah Sheraton au Caire , pour le mariage d&rsquo;une princesse&#8230;<\/p>\n<p>Une tr\u00e8s belle soir\u00e9e, un g\u00e2teau avec beaucoup de sucre tir\u00e9, La Princesse \u00e9tait tr\u00e8s contente, un merveilleux souvenir, et le buffet \u00e9tait d&rsquo;excellence aussi,<\/p>\n","protected":false},"excerpt":{"rendered":"<p>g\u00e2teau de mariage r\u00e9alis\u00e9 au Gezirah Sheraton au Caire , pour le mariage d&rsquo;une princesse&#8230; Une tr\u00e8s belle soir\u00e9e, un g\u00e2teau avec beaucoup de sucre tir\u00e9, La Princesse \u00e9tait tr\u00e8s contente, un merveilleux souvenir, et le buffet \u00e9tait d&rsquo;excellence aussi,<\/p>\n","protected":false},"featured_media":1174,"template":"","meta":[],"product_cat":[17,27],"product_tag":[],"_links":{"self":[{"href":"https:\/\/pascalnoppe.com\/index.php\/wp-json\/wp\/v2\/product\/1144"}],"collection":[{"href":"https:\/\/pascalnoppe.com\/index.php\/wp-json\/wp\/v2\/product"}],"about":[{"href":"https:\/\/pascalnoppe.com\/index.php\/wp-json\/wp\/v2\/types\/product"}],"version-history":[{"count":3,"href":"https:\/\/pascalnoppe.com\/index.php\/wp-json\/wp\/v2\/product\/1144\/revisions"}],"predecessor-version":[{"id":1959,"href":"https:\/\/pascalnoppe.com\/index.php\/wp-json\/wp\/v2\/product\/1144\/revisions\/1959"}],"wp:featuredmedia":[{"embeddable":true,"href":"https:\/\/pascalnoppe.com\/index.php\/wp-json\/wp\/v2\/media\/1174"}],"wp:attachment":[{"href":"https:\/\/pascalnoppe.com\/index.php\/wp-json\/wp\/v2\/media?parent=1144"}],"wp:term":[{"taxonomy":"product_cat","embeddable":true,"href":"https:\/\/pascalnoppe.com\/index.php\/wp-json\/wp\/v2\/product_cat?post=1144"},{"taxonomy":"product_tag","embeddable":true,"href":"https:\/\/pascalnoppe.com\/index.php\/wp-json\/wp\/v2\/product_tag?post=1144"}],"curies":[{"name":"wp","href":"https:\/\/api.w.org\/{rel}","templated":true}]}}