{"id":1135,"date":"2021-05-23T11:40:00","date_gmt":"2021-05-23T09:40:00","guid":{"rendered":"http:\/\/pascalnoppe.com\/?post_type=product&#038;p=1135"},"modified":"2021-05-23T11:40:03","modified_gmt":"2021-05-23T09:40:03","slug":"muffins-au-chocolat","status":"publish","type":"product","link":"https:\/\/pascalnoppe.com\/index.php\/produit\/muffins-au-chocolat\/","title":{"rendered":"Muffins au chocolat"},"content":{"rendered":"<p>Sp\u00e9cialit\u00e9 anglaise, p\u00e2te \u00e0 muffins au chocolat avec des p\u00e9pites de chocolat.<\/p>\n","protected":false},"excerpt":{"rendered":"<p>Sp\u00e9cialit\u00e9 anglaise, p\u00e2te \u00e0 muffins au chocolat avec des p\u00e9pites de chocolat.<\/p>\n","protected":false},"featured_media":1165,"template":"","meta":[],"product_cat":[17,26],"product_tag":[],"_links":{"self":[{"href":"https:\/\/pascalnoppe.com\/index.php\/wp-json\/wp\/v2\/product\/1135"}],"collection":[{"href":"https:\/\/pascalnoppe.com\/index.php\/wp-json\/wp\/v2\/product"}],"about":[{"href":"https:\/\/pascalnoppe.com\/index.php\/wp-json\/wp\/v2\/types\/product"}],"version-history":[{"count":0,"href":"https:\/\/pascalnoppe.com\/index.php\/wp-json\/wp\/v2\/product\/1135\/revisions"}],"wp:featuredmedia":[{"embeddable":true,"href":"https:\/\/pascalnoppe.com\/index.php\/wp-json\/wp\/v2\/media\/1165"}],"wp:attachment":[{"href":"https:\/\/pascalnoppe.com\/index.php\/wp-json\/wp\/v2\/media?parent=1135"}],"wp:term":[{"taxonomy":"product_cat","embeddable":true,"href":"https:\/\/pascalnoppe.com\/index.php\/wp-json\/wp\/v2\/product_cat?post=1135"},{"taxonomy":"product_tag","embeddable":true,"href":"https:\/\/pascalnoppe.com\/index.php\/wp-json\/wp\/v2\/product_tag?post=1135"}],"curies":[{"name":"wp","href":"https:\/\/api.w.org\/{rel}","templated":true}]}}