{"id":1103,"date":"2021-05-23T11:39:45","date_gmt":"2021-05-23T09:39:45","guid":{"rendered":"http:\/\/pascalnoppe.com\/?post_type=product&#038;p=1103"},"modified":"2021-05-23T11:39:57","modified_gmt":"2021-05-23T09:39:57","slug":"croissant-amande","status":"publish","type":"product","link":"https:\/\/pascalnoppe.com\/index.php\/produit\/croissant-amande\/","title":{"rendered":"Croissant amande"},"content":{"rendered":"<p>P\u00e2te \u00e0 croissant, sirop, cr\u00e8me d&rsquo;amande sp\u00e9ciale, amandes \u00e9ffil\u00e9es, cuit au four, <\/p>\n","protected":false},"excerpt":{"rendered":"<p>P\u00e2te \u00e0 croissant, sirop, cr\u00e8me d&rsquo;amande sp\u00e9ciale, amandes \u00e9ffil\u00e9es, cuit au four,<\/p>\n","protected":false},"featured_media":1133,"template":"","meta":[],"product_cat":[17,26],"product_tag":[],"_links":{"self":[{"href":"https:\/\/pascalnoppe.com\/index.php\/wp-json\/wp\/v2\/product\/1103"}],"collection":[{"href":"https:\/\/pascalnoppe.com\/index.php\/wp-json\/wp\/v2\/product"}],"about":[{"href":"https:\/\/pascalnoppe.com\/index.php\/wp-json\/wp\/v2\/types\/product"}],"version-history":[{"count":0,"href":"https:\/\/pascalnoppe.com\/index.php\/wp-json\/wp\/v2\/product\/1103\/revisions"}],"wp:featuredmedia":[{"embeddable":true,"href":"https:\/\/pascalnoppe.com\/index.php\/wp-json\/wp\/v2\/media\/1133"}],"wp:attachment":[{"href":"https:\/\/pascalnoppe.com\/index.php\/wp-json\/wp\/v2\/media?parent=1103"}],"wp:term":[{"taxonomy":"product_cat","embeddable":true,"href":"https:\/\/pascalnoppe.com\/index.php\/wp-json\/wp\/v2\/product_cat?post=1103"},{"taxonomy":"product_tag","embeddable":true,"href":"https:\/\/pascalnoppe.com\/index.php\/wp-json\/wp\/v2\/product_tag?post=1103"}],"curies":[{"name":"wp","href":"https:\/\/api.w.org\/{rel}","templated":true}]}}