{"id":1101,"date":"2021-05-23T11:39:45","date_gmt":"2021-05-23T09:39:45","guid":{"rendered":"http:\/\/pascalnoppe.com\/?post_type=product&#038;p=1101"},"modified":"2021-05-23T11:39:57","modified_gmt":"2021-05-23T09:39:57","slug":"muffins-a-la-framboise","status":"publish","type":"product","link":"https:\/\/pascalnoppe.com\/index.php\/produit\/muffins-a-la-framboise\/","title":{"rendered":"Muffins \u00e0 la framboise"},"content":{"rendered":"<p>p\u00e2te \u00e0 muffins, avec de la confiture de framboise et morceaux de framboise, avec des amandes pralin sur le-dessus, cuit ensemble au four.sp\u00e9cialit\u00e9 <\/p>\n","protected":false},"excerpt":{"rendered":"<p>p\u00e2te \u00e0 muffins, avec de la confiture de framboise et morceaux de framboise, avec des amandes pralin sur le-dessus, cuit ensemble au four.sp\u00e9cialit\u00e9<\/p>\n","protected":false},"featured_media":1131,"template":"","meta":[],"product_cat":[17,26],"product_tag":[],"_links":{"self":[{"href":"https:\/\/pascalnoppe.com\/index.php\/wp-json\/wp\/v2\/product\/1101"}],"collection":[{"href":"https:\/\/pascalnoppe.com\/index.php\/wp-json\/wp\/v2\/product"}],"about":[{"href":"https:\/\/pascalnoppe.com\/index.php\/wp-json\/wp\/v2\/types\/product"}],"version-history":[{"count":0,"href":"https:\/\/pascalnoppe.com\/index.php\/wp-json\/wp\/v2\/product\/1101\/revisions"}],"wp:featuredmedia":[{"embeddable":true,"href":"https:\/\/pascalnoppe.com\/index.php\/wp-json\/wp\/v2\/media\/1131"}],"wp:attachment":[{"href":"https:\/\/pascalnoppe.com\/index.php\/wp-json\/wp\/v2\/media?parent=1101"}],"wp:term":[{"taxonomy":"product_cat","embeddable":true,"href":"https:\/\/pascalnoppe.com\/index.php\/wp-json\/wp\/v2\/product_cat?post=1101"},{"taxonomy":"product_tag","embeddable":true,"href":"https:\/\/pascalnoppe.com\/index.php\/wp-json\/wp\/v2\/product_tag?post=1101"}],"curies":[{"name":"wp","href":"https:\/\/api.w.org\/{rel}","templated":true}]}}