{"id":1099,"date":"2021-05-23T11:39:45","date_gmt":"2021-05-23T09:39:45","guid":{"rendered":"http:\/\/pascalnoppe.com\/?post_type=product&#038;p=1099"},"modified":"2021-05-23T11:39:56","modified_gmt":"2021-05-23T09:39:56","slug":"brioche-feuillete-aux-marrons","status":"publish","type":"product","link":"https:\/\/pascalnoppe.com\/index.php\/produit\/brioche-feuillete-aux-marrons\/","title":{"rendered":"Brioche feuillet\u00e9 aux marrons"},"content":{"rendered":"<p>brioche feuillet\u00e9e, garnis avec des marrons confits, au moments des f\u00eates de No\u00ebl.<\/p>\n","protected":false},"excerpt":{"rendered":"<p>brioche feuillet\u00e9e, garnis avec des marrons confits, au moments des f\u00eates de No\u00ebl.<\/p>\n","protected":false},"featured_media":1129,"template":"","meta":[],"product_cat":[17,26],"product_tag":[],"_links":{"self":[{"href":"https:\/\/pascalnoppe.com\/index.php\/wp-json\/wp\/v2\/product\/1099"}],"collection":[{"href":"https:\/\/pascalnoppe.com\/index.php\/wp-json\/wp\/v2\/product"}],"about":[{"href":"https:\/\/pascalnoppe.com\/index.php\/wp-json\/wp\/v2\/types\/product"}],"version-history":[{"count":0,"href":"https:\/\/pascalnoppe.com\/index.php\/wp-json\/wp\/v2\/product\/1099\/revisions"}],"wp:featuredmedia":[{"embeddable":true,"href":"https:\/\/pascalnoppe.com\/index.php\/wp-json\/wp\/v2\/media\/1129"}],"wp:attachment":[{"href":"https:\/\/pascalnoppe.com\/index.php\/wp-json\/wp\/v2\/media?parent=1099"}],"wp:term":[{"taxonomy":"product_cat","embeddable":true,"href":"https:\/\/pascalnoppe.com\/index.php\/wp-json\/wp\/v2\/product_cat?post=1099"},{"taxonomy":"product_tag","embeddable":true,"href":"https:\/\/pascalnoppe.com\/index.php\/wp-json\/wp\/v2\/product_tag?post=1099"}],"curies":[{"name":"wp","href":"https:\/\/api.w.org\/{rel}","templated":true}]}}

Brioche feuilleté aux marrons

<p>brioche feuilletée, garnis avec des marrons confits, au moments des fêtes de Noël.</p>
