{"id":1042,"date":"2021-05-23T11:39:27","date_gmt":"2021-05-23T09:39:27","guid":{"rendered":"http:\/\/pascalnoppe.com\/?post_type=product&#038;p=1042"},"modified":"2021-05-23T11:39:39","modified_gmt":"2021-05-23T09:39:39","slug":"mes-jus-de-fruits-et-smoothies","status":"publish","type":"product","link":"https:\/\/pascalnoppe.com\/index.php\/produit\/mes-jus-de-fruits-et-smoothies\/","title":{"rendered":"Mes jus de fruits et smoothies"},"content":{"rendered":"<p>Agr\u00e9able, surprenant, present\u00e9 en sceau \u00e0 champagne avec des gla\u00e7ons , un r\u00e9gal de surprises fruit\u00e9es.<\/p>\n","protected":false},"excerpt":{"rendered":"<p>Agr\u00e9able, surprenant, present\u00e9 en sceau \u00e0 champagne avec des gla\u00e7ons , un r\u00e9gal de surprises fruit\u00e9es.<\/p>\n","protected":false},"featured_media":1072,"template":"","meta":[],"product_cat":[31,30],"product_tag":[],"_links":{"self":[{"href":"https:\/\/pascalnoppe.com\/index.php\/wp-json\/wp\/v2\/product\/1042"}],"collection":[{"href":"https:\/\/pascalnoppe.com\/index.php\/wp-json\/wp\/v2\/product"}],"about":[{"href":"https:\/\/pascalnoppe.com\/index.php\/wp-json\/wp\/v2\/types\/product"}],"version-history":[{"count":0,"href":"https:\/\/pascalnoppe.com\/index.php\/wp-json\/wp\/v2\/product\/1042\/revisions"}],"wp:featuredmedia":[{"embeddable":true,"href":"https:\/\/pascalnoppe.com\/index.php\/wp-json\/wp\/v2\/media\/1072"}],"wp:attachment":[{"href":"https:\/\/pascalnoppe.com\/index.php\/wp-json\/wp\/v2\/media?parent=1042"}],"wp:term":[{"taxonomy":"product_cat","embeddable":true,"href":"https:\/\/pascalnoppe.com\/index.php\/wp-json\/wp\/v2\/product_cat?post=1042"},{"taxonomy":"product_tag","embeddable":true,"href":"https:\/\/pascalnoppe.com\/index.php\/wp-json\/wp\/v2\/product_tag?post=1042"}],"curies":[{"name":"wp","href":"https:\/\/api.w.org\/{rel}","templated":true}]}}