{"id":1028,"date":"2021-05-23T11:39:26","date_gmt":"2021-05-23T09:39:26","guid":{"rendered":"http:\/\/pascalnoppe.com\/?post_type=product&#038;p=1028"},"modified":"2021-05-23T11:39:34","modified_gmt":"2021-05-23T09:39:34","slug":"fours-secs-plateau","status":"publish","type":"product","link":"https:\/\/pascalnoppe.com\/index.php\/produit\/fours-secs-plateau\/","title":{"rendered":"Fours secs plateau"},"content":{"rendered":"<p>pr\u00e9sentation de fours secs en plateau pour cocktail, assotiment: sabl\u00e9 vanille, sabl\u00e9 caramel, sabl\u00e9 chocolat, miellas, pain turc, cracao, tuiles amandes&#8230;<\/p>\n","protected":false},"excerpt":{"rendered":"<p>pr\u00e9sentation de fours secs en plateau pour cocktail, assotiment: sabl\u00e9 vanille, sabl\u00e9 caramel, sabl\u00e9 chocolat, miellas, pain turc, cracao, tuiles amandes&#8230;<\/p>\n","protected":false},"featured_media":1058,"template":"","meta":[],"product_cat":[31,30],"product_tag":[],"_links":{"self":[{"href":"https:\/\/pascalnoppe.com\/index.php\/wp-json\/wp\/v2\/product\/1028"}],"collection":[{"href":"https:\/\/pascalnoppe.com\/index.php\/wp-json\/wp\/v2\/product"}],"about":[{"href":"https:\/\/pascalnoppe.com\/index.php\/wp-json\/wp\/v2\/types\/product"}],"version-history":[{"count":0,"href":"https:\/\/pascalnoppe.com\/index.php\/wp-json\/wp\/v2\/product\/1028\/revisions"}],"wp:featuredmedia":[{"embeddable":true,"href":"https:\/\/pascalnoppe.com\/index.php\/wp-json\/wp\/v2\/media\/1058"}],"wp:attachment":[{"href":"https:\/\/pascalnoppe.com\/index.php\/wp-json\/wp\/v2\/media?parent=1028"}],"wp:term":[{"taxonomy":"product_cat","embeddable":true,"href":"https:\/\/pascalnoppe.com\/index.php\/wp-json\/wp\/v2\/product_cat?post=1028"},{"taxonomy":"product_tag","embeddable":true,"href":"https:\/\/pascalnoppe.com\/index.php\/wp-json\/wp\/v2\/product_tag?post=1028"}],"curies":[{"name":"wp","href":"https:\/\/api.w.org\/{rel}","templated":true}]}}