{"id":1021,"date":"2021-05-23T11:39:25","date_gmt":"2021-05-23T09:39:25","guid":{"rendered":"http:\/\/pascalnoppe.com\/?post_type=product&#038;p=1021"},"modified":"2021-05-23T11:39:30","modified_gmt":"2021-05-23T09:39:30","slug":"quiches-bouchee-a-la-reine","status":"publish","type":"product","link":"https:\/\/pascalnoppe.com\/index.php\/produit\/quiches-bouchee-a-la-reine\/","title":{"rendered":"Quiches , bouch\u00e9e \u00e0 la reine"},"content":{"rendered":"<p>Quiches assortis , bouch\u00e9e \u00e0 la reine , bouch\u00e9e au poisson <\/p>\n","protected":false},"excerpt":{"rendered":"<p>Quiches assortis , bouch\u00e9e \u00e0 la reine , bouch\u00e9e au poisson<\/p>\n","protected":false},"featured_media":1051,"template":"","meta":[],"product_cat":[31,30],"product_tag":[],"_links":{"self":[{"href":"https:\/\/pascalnoppe.com\/index.php\/wp-json\/wp\/v2\/product\/1021"}],"collection":[{"href":"https:\/\/pascalnoppe.com\/index.php\/wp-json\/wp\/v2\/product"}],"about":[{"href":"https:\/\/pascalnoppe.com\/index.php\/wp-json\/wp\/v2\/types\/product"}],"version-history":[{"count":0,"href":"https:\/\/pascalnoppe.com\/index.php\/wp-json\/wp\/v2\/product\/1021\/revisions"}],"wp:featuredmedia":[{"embeddable":true,"href":"https:\/\/pascalnoppe.com\/index.php\/wp-json\/wp\/v2\/media\/1051"}],"wp:attachment":[{"href":"https:\/\/pascalnoppe.com\/index.php\/wp-json\/wp\/v2\/media?parent=1021"}],"wp:term":[{"taxonomy":"product_cat","embeddable":true,"href":"https:\/\/pascalnoppe.com\/index.php\/wp-json\/wp\/v2\/product_cat?post=1021"},{"taxonomy":"product_tag","embeddable":true,"href":"https:\/\/pascalnoppe.com\/index.php\/wp-json\/wp\/v2\/product_tag?post=1021"}],"curies":[{"name":"wp","href":"https:\/\/api.w.org\/{rel}","templated":true}]}}