{"id":1016,"date":"2021-05-23T11:39:25","date_gmt":"2021-05-23T09:39:25","guid":{"rendered":"http:\/\/pascalnoppe.com\/?post_type=product&#038;p=1016"},"modified":"2021-05-23T11:39:28","modified_gmt":"2021-05-23T09:39:28","slug":"mon-equipe","status":"publish","type":"product","link":"https:\/\/pascalnoppe.com\/index.php\/produit\/mon-equipe\/","title":{"rendered":"Mon \u00e9quipe"},"content":{"rendered":"<p>Ad\u00e8le, Claire, Christophe, Romain, Christian,Mon \u00e9quipe 2014 , une \u00e9quipe soud\u00e9 et heureuse, <\/p>\n","protected":false},"excerpt":{"rendered":"<p>Ad\u00e8le, Claire, Christophe, Romain, Christian,Mon \u00e9quipe 2014 , une \u00e9quipe soud\u00e9 et heureuse,<\/p>\n","protected":false},"featured_media":1046,"template":"","meta":[],"product_cat":[17,25],"product_tag":[],"_links":{"self":[{"href":"https:\/\/pascalnoppe.com\/index.php\/wp-json\/wp\/v2\/product\/1016"}],"collection":[{"href":"https:\/\/pascalnoppe.com\/index.php\/wp-json\/wp\/v2\/product"}],"about":[{"href":"https:\/\/pascalnoppe.com\/index.php\/wp-json\/wp\/v2\/types\/product"}],"version-history":[{"count":0,"href":"https:\/\/pascalnoppe.com\/index.php\/wp-json\/wp\/v2\/product\/1016\/revisions"}],"wp:featuredmedia":[{"embeddable":true,"href":"https:\/\/pascalnoppe.com\/index.php\/wp-json\/wp\/v2\/media\/1046"}],"wp:attachment":[{"href":"https:\/\/pascalnoppe.com\/index.php\/wp-json\/wp\/v2\/media?parent=1016"}],"wp:term":[{"taxonomy":"product_cat","embeddable":true,"href":"https:\/\/pascalnoppe.com\/index.php\/wp-json\/wp\/v2\/product_cat?post=1016"},{"taxonomy":"product_tag","embeddable":true,"href":"https:\/\/pascalnoppe.com\/index.php\/wp-json\/wp\/v2\/product_tag?post=1016"}],"curies":[{"name":"wp","href":"https:\/\/api.w.org\/{rel}","templated":true}]}}